3 - 2 + 8*s. Give x(-7).
-5
Suppose 3 = -i - 5*c, -4*c + 5*c = 0. Let u(n) = -6*n - 7816*n**2 + 15645*n**2 + 1 - 7831*n**2. Calculate u(i).
1
Let h(n) be the third derivative of n**6/120 - 2*n**5/15 + 5*n**4/6 - 8*n**3/3 + 2291*n**2. Calculate h(5).
9
Let m(j) = j**3 - 19*j**2 - 10*j + 187. Suppose -5*p - 9*p + 23 + 243 = 0. What is m(p)?
-3
Let l(x) = 2*x**2 + 230 - 877 - 46*x + 252 + 217 + 221. What is l(22)?
-1
Let v(z) = -z**3 - 11*z**2 + 15*z + 23. Let g be (2 - 0)/((-128)/768). What is v(g)?
-13
Suppose -69*b = 1408 - 1339. Let y(m) = -83*m**2 - 3*m - 3. Calculate y(b).
-83
Let s(y) = y + 19. Let m(q) = 2*q**2 + 116*q + 209. Let w be m(-56). Calculate s(w).
4
Let q(a) = -11*a - 352. Let g be q(-32). Let n(r) be the third derivative of g*r + 1/12*r**4 + 0*r**3 - 19*r**2 + 0. Determine n(-5).
-10
Let o(q) = -3067*q**2 + 19*q - 8*q + 3066*q**2 - 37 + 6*q. Determine o(13).
15
Let h be 4/3 + 50/75. Let x(q) = 2*q**2 - 7*q + 5. Let l(z) = z**2 - 3*z + 2. Let u(g) = h*x(g) - 5*l(g). Calculate u(3).
-6
Let v(q) be the third derivative of -q**4/12 - 11*q**3/6 + 98*q**2. Suppose -7*t + 6*t = -3, 5*d + 3*t = -41. What is v(d)?
9
Let h(d) = 4*d + 8. Let u be h(-1). Let n(i) = u*i - 17*i + i - 2*i + 4*i. Determine n(-1).
10
Let i(h) = h**2 - 20*h - 11. Suppose 200 = -221*m + 4841. Determine i(m).
10
Let x(r) = r**3 + 5*r**2 - 20*r - 98. Let j be x(-5). Let f(s) be the second derivative of -s**5/4 + s**4/3 - s**3/2 + 45*s. What is f(j)?
-30
Let g = -11 - -17. Let w(s) be the third derivative of s**4/8 + s**3/6 + 9*s**2 - 53*s. Determine w(g).
19
Let n(p) = -p**3 + 14*p**2 - 11*p + 12. Suppose 0 = -5*o + 36*o + o - 416. What is n(o)?
38
Let q = -10 - -10. Let n(o) = o**2 - 2*o + 3. Let d be n(q). Let y(g) = 13*g - 9*g + g. Give y(d).
15
Let w(a) be the first derivative of a**3 - 5*a**2/2 - 6*a - 123. What is w(2)?
-4
Let p(s) be the second derivative of s**5/20 + 5*s**4/6 - 4*s**2 - 15*s - 45. Give p(-10).
-8
Let q be ((-51)/34)/3 - (-14)/(-4) - -10. Let p(y) = -4*y - 38. Calculate p(q).
-62
Let t(h) be the third derivative of -h**6/120 + h**5/4 - h**4/12 + 31*h**3/6 - 2186*h**2. Determine t(15).
1
Let h(d) = d**3 + 2*d**2 + 5*d + 1. Let f be h(-2). Let v(r) be the second derivative of r**5/20 + 2*r**4/3 - 3*r**3/2 + 11*r**2/2 + 44*r. Calculate v(f).
11
Let g = 286 + -280. Let a(t) = 394 - t**3 - 391 + 2*t**2 - g*t + 3*t**2. Suppose 2*u + 16 = 3*n, 0*u - 28 = -5*n + 4*u. Calculate a(n).
-5
Let o(p) = -p**2 - p + 19. Let w(f) = -3*f**2 - 20. Let m(l) = o(l) + w(l). Let j(b) = b**2 + b + 4. Let h be j(0). Suppose 4*n + h = -4. Determine m(n).
-15
Let g(p) = p**3 - 28*p**2 - 4*p - 21. Let b be g(28). Let n = b + 136. Let a(r) = -7 - 6 + r - r**3 + 18 - 4 - n*r**2. What is a(-4)?
13
Let v(b) = b**3 + 5*b**2 - 4*b + 5. Suppose -2*h = 5*m - 13, h = -m - 2*h. Suppose -5 = j - 18. Suppose -5*c = 3*z + j, 0*c = -z - m*c - 3. Calculate v(z).
-7
Suppose 52*k = 37*k - 45. Let f(a) = -7*a**3 - 2*a**2 - 7*a - 17. Let s(x) = -4*x**3 - x**2 - 4*x - 10. Let y(d) = k*f(d) + 5*s(d). Determine y(0).
1
Let x(b) = -b**3 + 4*b**2 - 2*b - 2. Let k be (-7)/((3/(-2))/(6/(-4))). Let u be 2/14 - 27/k. Suppose -5*c + 20 = -r - 3, -3*r + u*c - 14 = 0. What is x(r)?
2
Suppose 0 = -213*y + 226*y - 104. Let r(i) = -i**3 + 10*i**2 - 13*i - 14. Calculate r(y).
10
Let n be 10/25 + 18/5. Let b be n/(-6) + (-11)/(-3). Let v(q) = 2*q**2 + q - 1. What is v(b)?
20
Suppose 15*b - 11*b = 0. Let k(h) = -501 + 249 + 230 + h. Calculate k(b).
-22
Suppose -53*x - 64*x - 1872 = 0. Let z(h) = -h**2 - 27*h - 167. Give z(x).
9
Let v be ((-132)/(-8))/(5/(-10)). Let a = 33 + v. Suppose -4*r + 3*d + 40 = a, -1 = -r - d + 2. Let h(c) = -c**3 + 6*c**2 + 7*c + 1. What is h(r)?
1
Suppose 0 = -2*p + 2*s - 102, -5*s + 202 = -3*p + 59. Let n = p + 50. Let o(w) = w**2 + 6*w + 3. What is o(n)?
3
Suppose 23*s - 29 = 17. Let q(i) be the second derivative of -1/12*i**4 - 4*i**s - 8*i + 0 + i**3. What is q(6)?
-8
Let k(n) be the first derivative of 2 + 1/2*n**2 + 2/3*n**3 - n. Suppose -5*q - 2*v + 1 = 0, -8*q + 10 = 21*v - 22*v. Determine k(q).
2
Let c(r) be the second derivative of -r**4/6 - r**3/6 + 163*r + 1. Determine c(-2).
-6
Let o(n) be the second derivative of n**7/2520 + n**6/48 + n**5/12 - 23*n**4/2 + 139*n. Let v(y) be the third derivative of o(y). Determine v(-14).
-4
Suppose 90*l + 1079 + 601 = -15*l. Let j(h) = h**3 + 18*h**2 + 30*h - 6. Calculate j(l).
26
Let v(l) = l. Let x be (-161)/(-69) + 4/6. Let u(o) = 17*o + 16. Let h(t) = 6*t + 5. Let j(k) = x*u(k) - 8*h(k). Let g(f) = -j(f) + 5*v(f). What is g(-7)?
-22
Let u = -1 + 7. Suppose 184 - 86 = 14*k. Suppose o - k*o = -u. Let c(z) = -z + 1. Calculate c(o).
0
Let u(a) = a**2 - 4*a + 7. Let r = 38 + -43. Let v(q) = -q**2 - 5*q + 2. Let c be v(r). Suppose -c*z + 8 = -2. Determine u(z).
12
Let x(a) = 3 - a**3 + 6*a**2 + 0*a**3 - 2*a**2 + 7*a**2 + 2*a - 4*a**2. Determine x(7).
17
Let b(w) be the second derivative of w**4/12 + 7*w**3/6 + 3*w**2 - 29*w - 133. Let x be 19/(-4) - (-1)/(-4). Calculate b(x).
-4
Let j(l) = 8*l - 4. Let k = 939 + -1447. Let h = k + 509. Give j(h).
4
Let u(t) = -15*t**3 - 5*t**2 + 26*t - 14. Let h(w) = -17*w**3 - 5*w**2 + 28*w - 16. Let y(z) = -7*h(z) + 8*u(z). Determine y(2).
-4
Let q(z) be the second derivative of -z**5/20 + z**3/6 + z**2/2 - 54*z. Let n(s) = -s**2 + 2*s + 24. Let p be n(-4). What is q(p)?
1
Let r be ((-1)/((-1)/(-3)))/(-47 + 46). Let s(m) = 5*m**2 + 0 - 1 - 3*m + 0*m**2 + 4*m**2 - m**r. Calculate s(9).
-28
Let a(k) = -2*k - 6. Suppose 27 = 13*n - 51. Suppose 4*f + 13 = i, -2*i + n + 2 = -2*f. Calculate a(f).
0
Let z(f) be the third derivative of f**6/120 - f**5/60 + f**4/12 - f**3/3 + 11030*f**2 - 3*f. Let v(w) = w**2 - w + 2. Let s be v(0). Give z(s).
6
Suppose 2 = t - 1. Let d(y) be the second derivative of -6*y + 5/12*y**4 - 1/20*y**5 + 3 - 2/3*y**3 + 3/2*y**2. Determine d(t).
9
Let b(d) = 6*d**2 + 18*d - 7. Let m(h) = 18*h**2 + 51*h - 20. Let o(u) = 17*b(u) - 6*m(u). Give o(1).
-5
Let j(q) be the second derivative of q**5/20 - 4*q**4/3 + q**3/3 - 11*q**2 - 883*q. Determine j(16).
10
Let p(n) = 4*n - 1. Let r = 140 + -137. Suppose r*g + 9 = 15. Determine p(g).
7
Let g = 8420 + -8417. Let p(l) = 2*l**3 - l**3 - 1 + 0*l**2 - 2*l**2 - 2. Calculate p(g).
6
Let d(z) be the first derivative of 3*z**2/2 - 12*z - 1310. Calculate d(3).
-3
Let t(x) be the second derivative of -11*x**3/6 - 231*x**2/2 + 165*x. Calculate t(-22).
11
Let y be ((-8)/6)/((-126)/210 + (-28)/(-30)). Let z(x) = x**3 + x**2 + x + 1. Let p(n) = -3*n**3 - 5*n**2 + 2*n - 1. Let a(i) = -p(i) - 2*z(i). What is a(y)?
-1
Let v(z) = -z**3 + 2*z**2 + 11*z - 7. Let c be ((-9)/(-14))/(360/420)*4. What is v(c)?
17
Let a(o) = -2*o**2 - o. Let z be (95/15 - 6)/((-3)/(-684)). Let q be 59/(-19) - ((-32)/z)/4. What is a(q)?
-15
Let z(k) = 996*k + 0*k**3 - k**3 - 227*k - 2*k**2 - 249*k - 255*k - 264*k. Let s(r) = r**3 - 4*r**2 + 3*r - 6. Let x be s(4). Suppose -x = t + t. Give z(t).
6
Let d(t) = 2*t**3 - 11*t**2 + t - 24. Let c be d(5). Let g be 18/30 + c/(-10). Let y(k) = k**3 - 6*k**2 + 4*k - 6. Give y(g).
-11
Let d(v) = v**2 - 5 - 12*v**3 - 21*v**3 - 15*v - 18*v**3 + 62*v**3 - 10*v**3. Calculate d(-5).
-30
Let a(w) be the second derivative of 41*w**3/6 - 289*w**2/2 + 5352*w. Give a(7).
-2
Let g(m) = -10 - 102*m + 103*m - 1. Let i = -10629 + 10634. Give g(i).
-6
Let m(b) = -b**3 + 4*b**2 + b - 4. Let n be 2/(-5) + (-629)/(-85). Suppose -48 = -n*i - 5*i. Give m(i).
0
Let h(g) = 27 + g**3 + 4292*g**2 - 4306*g**2 + 3 + 2 + 10*g. Let d be h(13). Let r(l) = -l**2 - 6*l - 8. What is r(d)?
-15
Let n be (27/(-18))/((-1)/2). Let b(k) = 2*k - 3*k**2 + 2*k**3 + k**2 - 3*k**2 + 6*k**2 + n - 5. Suppose 0*m - m = -2. Calculate b(m).
22
Let a(j) = -368 + 3*j**2 - j**3 - 5*j**3 + 368. Let o(i) = i**3 + 9*i**2 + 10*i - 26. Let q be o(-7). Calculate a(q).
-36
Let j(a) = -a**3 - 8*a**2 + 8*a. Let g(w) = -7*w - 17. Let z(q) = -8*q - 15. Let i(r) = -3*g(r) + 2*z(r). Let h be i(-6). Determine j(h).
9
Let u = -6224 + 6247. Let r(s) = s**2 - 19*s - 85. What is r(u)?
7
Let j(y) be the second derivative of 8*y**5/5 - y**4/12 - y**3/6 - y**2/2 - 30071*y + 1. Suppose b = -5*g + 14, 0 = -2*b + b - 3*g + 8. Determine j(b).
-33
Let f(l) be the third derivative of l**4/8 + l**3/3 + 182*l**2